49.
12
Calculate the remainder when 5393265 is divided by 5659.
238
What is the remainder when 1565034 is divided by 271?
9
Calculate the remainder when 100651817 is divided by 156.
149
Calculate the remainder when 6978 is divided by 1190.
1028
Calculate the remainder when 5169353 is divided by 592.
9
Calculate the remainder when 47628 is divided by 2606.
720
What is the remainder when 70273277 is divided by 23?
20
What is the remainder when 685973 is divided by 834?
425
Calculate the remainder when 1049270 is divided by 36169.
369
What is the remainder when 820121 is divided by 63080?
81
What is the remainder when 417037 is divided by 2727?
2533
What is the remainder when 41490 is divided by 8262?
180
What is the remainder when 79167 is divided by 3022?
595
Calculate the remainder when 1681247 is divided by 1788.
527
What is the remainder when 77321 is divided by 887?
152
Calculate the remainder when 29873 is divided by 29870.
3
Calculate the remainder when 7662341 is divided by 72.
29
What is the remainder when 144489 is divided by 242?
15
What is the remainder when 43660888 is divided by 14?
12
Calculate the remainder when 5616407 is divided by 2838.
5
What is the remainder when 127982 is divided by 1910?
12
Calculate the remainder when 1158784 is divided by 6410.
4984
What is the remainder when 85865 is divided by 1384?
57
What is the remainder when 123158 is divided by 623?
427
What is the remainder when 1015988 is divided by 1996?
24
What is the remainder when 57869 is divided by 1039?
724
Calculate the remainder when 39214301 is divided by 1489.
1486
What is the remainder when 200391565 is divided by 129?
127
Calculate the remainder when 9382475 is divided by 4691216.
43
What is the remainder when 104744 is divided by 1129?
876
Calculate the remainder when 85876 is divided by 740.
36
What is the remainder when 638434 is divided by 212448?
1090
What is the remainder when 4996273478 is divided by 10?
8
What is the remainder when 194266705 is divided by 89?
86
Calculate the remainder when 1121122 is divided by 224203.
107
Calculate the remainder when 1145108 is divided by 586.
64
Calculate the remainder when 160486 is divided by 2767.
0
What is the remainder when 15719 is divided by 542?
1
What is the remainder when 250636 is divided by 9832?
4836
What is the remainder when 8169480 is divided by 4084723?
34
Calculate the remainder when 25196147 is divided by 25196144.
3
What is the remainder when 158606117 is divided by 204?
197
Calculate the remainder when 5168912 is divided by 407.
12
What is the remainder when 2467519 is divided by 17625?
19
Calculate the remainder when 23293672 is divided by 11646797.
78
What is the remainder when 79430 is divided by 2488?
2302
What is the remainder when 4292281 is divided by 283?
20
What is the remainder when 2387517 is divided by 2387450?
67
Calculate the remainder when 7984758 is divided by 76.
46
Calculate the remainder when 214172 is divided by 2710.
82
Calculate the remainder when 1264649 is divided by 3513.
3482
What is the remainder when 170393 is divided by 18930?
23
What is the remainder when 1886611 is divided by 399?
139
What is the remainder when 387632 is divided by 2401?
1071
Calculate the remainder when 749533 is divided by 935.
598
Calculate the remainder when 38418753 is divided by 12806245.
18
What is the remainder when 2933629 is divided by 2026?
2007
Calculate the remainder when 714721 is divided by 221.
7
What is the remainder when 146858 is divided by 18252?
842
Calculate the remainder when 1391 is divided by 664.
63
Calculate the remainder when 3265104 is divided by 1632546.
12
Calculate the remainder when 34031534 is divided by 248.
230
Calculate the remainder when 6871969 is divided by 1374393.
4
Calculate the remainder when 733104 is divided by 11.
9
What is the remainder when 183512 is divided by 6?
2
What is the remainder when 1105755 is divided by 1?
0
What is the remainder when 88775 is divided by 28978?
1841
What is the remainder when 839361 is divided by 344?
1
What is the remainder when 15597240 is divided by 154428?
12
Calculate the remainder when 13757045 is divided by 2159.
2056
What is the remainder when 68478 is divided by 1547?
410
Calculate the remainder when 22979 is divided by 59.
28
Calculate the remainder when 1850787 is divided by 66098.
43
Calculate the remainder when 189556 is divided by 185076.
4480
Calculate the remainder when 3620123 is divided by 67036.
179
Calculate the remainder when 7387707 is divided by 5.
2
Calculate the remainder when 4180401 is divided by 36.
9
Calculate the remainder when 24270695 is divided by 88257.
20
What is the remainder when 70214 is divided by 4776?
3350
What is the remainder when 176972 is divided by 387?
113
Calculate the remainder when 24740349 is divided by 832.
829
Calculate the remainder when 209584 is divided by 104252.
1080
What is the remainder when 2833294 is divided by 881?
879
Calculate the remainder when 455133 is divided by 150332.
4137
What is the remainder when 137723 is divided by 19601?
516
What is the remainder when 103150 is divided by 246?
76
Calculate the remainder when 1017415 is divided by 1413.
55
Calculate the remainder when 650828 is divided by 1557.
2
What is the remainder when 1139167 is divided by 2370?
1567
What is the remainder when 924083 is divided by 1777?
43
Calculate the remainder when 5263795 is divided by 23.
15
What is the remainder when 97385229 is divided by 56?
53
What is the remainder when 485180 is divided by 40408?
284
Calculate the remainder when 63783 is divided by 5662.
1501
What is the remainder when 188938 is divided by 2535?
1348
What is the remainder when 984839 is divided by 40?
39
Calculate the remainder when 33625533 is divided by 16812734.
65
Calculate the remainder when 202277687 is divided by 34.
25
Calculate the remainder when 113266032 is divided by 53.
50
Calculate the remainder when 3070318 is divided by 511712.
46
What is the remainder when 617370 is divided by 7185?
6645
What is the remainder when 8518651 is divided by 74?
67
Calculate the remainder when 27229069 is divided by 127836.
1
Calculate the remainder when 5727126 is divided by 53.
52
Calculate the remainder when 2196793 is divided by 732070.
583
What is the remainder when 70744 is divided by 330?
124
Calculate the remainder when 1276966 is divided by 2515.
1861
What is the remainder when 40457744 is divided by 20392?
16
What is the remainder when 429894 is divided by 838?
0
What is the remainder when 9459775 is divided by 144?
127
What is the remainder when 2316248 is divided by 19?
15
What is the remainder when 473173 is divided by 5988?
121
What is the remainder when 5578260 is divided by 565?
15
What is the remainder when 149508 is divided by 173?
36
Calculate the remainder when 84447 is divided by 5.
2
What is the remainder when 227083 is divided by 13?
12
What is the remainder when 1438195 is divided by 93?
43
What is the remainder when 61157 is divided by 8617?
838
Calculate the remainder when 34907 is divided by 29.
20
Calculate the remainder when 226066 is divided by 1663.
1561
What is the remainder when 24962627 is divided by 240?
227
What is the remainder when 2802661 is divided by 934214?
19
What is the remainder when 1512053 is divided by 755976?
101
What is the remainder when 6634340 is divided by 1153?
1131
What is the remainder when 54180 is divided by 2166?
30
What is the remainder when 23107616 is divided by 713?
712
What is the remainder when 848491 is divided by 848480?
11
What is the remainder when 40206 is divided by 11346?
6168
What is the remainder when 3679450 is divided by 613240?
10
What is the remainder when 9436588 is divided by 1506?
1498
Calculate the remainder when 171454 is divided by 228.
226
Calculate the remainder when 403610 is divided by 332.
230
Calculate the remainder when 838907 is divided by 209725.
7
Calculate the remainder when 1997580 is divided by 998766.
48
What is the remainder when 2187503 is divided by 103?
92
What is the remainder when 10054184 is divided by 67?
30
Calculate the remainder when 26977042 is divided by 1667.
1648
Calculate the remainder when 1902355 is divided by 3536.
3523
Calculate the remainder when 378829 is divided by 4944.